is the thousands digit of 73196?
3
What is the hundreds digit of 746294?
2
What is the hundreds digit of 479220?
2
What is the millions digit of 6939473?
6
What is the millions digit of 4366286?
4
What is the hundreds digit of 20001374?
3
What is the hundred thousands digit of 169396?
1
What is the units digit of 2708247?
7
What is the thousands digit of 6028075?
8
What is the tens digit of 3543737?
3
What is the thousands digit of 16668?
6
What is the hundred thousands digit of 2208771?
2
What is the millions digit of 5422045?
5
What is the thousands digit of 429725?
9
What is the ten thousands digit of 107019?
0
What is the hundreds digit of 10693464?
4
What is the thousands digit of 841417?
1
What is the ten thousands digit of 5960662?
6
What is the tens digit of 6293225?
2
What is the thousands digit of 857418?
7
What is the ten thousands digit of 235842?
3
What is the hundred thousands digit of 10991539?
9
What is the millions digit of 22109156?
2
What is the ten thousands digit of 1777581?
7
What is the tens digit of 26196?
9
What is the tens digit of 2742906?
0
What is the hundreds digit of 5441129?
1
What is the tens digit of 480080?
8
What is the tens digit of 381648?
4
What is the hundred thousands digit of 2576240?
5
What is the ten thousands digit of 661074?
6
What is the tens digit of 3718574?
7
What is the thousands digit of 12799156?
9
What is the hundreds digit of 1304849?
8
What is the ten thousands digit of 2041423?
4
What is the hundred thousands digit of 9404436?
4
What is the units digit of 5713543?
3
What is the thousands digit of 1843462?
3
What is the thousands digit of 486108?
6
What is the units digit of 8140053?
3
What is the hundreds digit of 2610017?
0
What is the hundred thousands digit of 10517360?
5
What is the hundreds digit of 210025?
0
What is the hundreds digit of 384282?
2
What is the tens digit of 22076?
7
What is the hundreds digit of 317810?
8
What is the thousands digit of 6307215?
7
What is the units digit of 8348547?
7
What is the thousands digit of 1136259?
6
What is the hundred thousands digit of 930807?
9
What is the hundreds digit of 169921?
9
What is the thousands digit of 2310847?
0
What is the hundreds digit of 153738?
7
What is the millions digit of 6367908?
6
What is the tens digit of 174059?
5
What is the tens digit of 99265?
6
What is the thousands digit of 1906379?
6
What is the ten thousands digit of 2298641?
9
What is the units digit of 2826166?
6
What is the units digit of 2850?
0
What is the tens digit of 446563?
6
What is the tens digit of 1268419?
1
What is the units digit of 208951?
1
What is the ten thousands digit of 39359?
3
What is the thousands digit of 6457500?
7
What is the millions digit of 1750199?
1
What is the hundred thousands digit of 1970323?
9
What is the thousands digit of 2277276?
7
What is the thousands digit of 219478?
9
What is the units digit of 236993?
3
What is the thousands digit of 23401430?
1
What is the thousands digit of 8551462?
1
What is the ten thousands digit of 5810613?
1
What is the hundred thousands digit of 682037?
6
What is the hundred thousands digit of 199113?
1
What is the millions digit of 3106288?
3
What is the units digit of 36552?
2
What is the hundreds digit of 5213293?
2
What is the ten thousands digit of 29880?
2
What is the tens digit of 2738088?
8
What is the hundred thousands digit of 10725984?
7
What is the hundred thousands digit of 2031676?
0
What is the tens digit of 67454?
5
What is the tens digit of 554946?
4
What is the hundreds digit of 8895931?
9
What is the tens digit of 26249508?
0
What is the hundred thousands digit of 727955?
7
What is the hundreds digit of 24012044?
0
What is the tens digit of 2588597?
9
What is the ten thousands digit of 1792319?
9
What is the units digit of 4608458?
8
What is the hundred thousands digit of 674661?
6
What is the units digit of 14924158?
8
What is the tens digit of 2585694?
9
What is the ten thousands digit of 5395029?
9
What is the ten thousands digit of 43928385?
2
What is the units digit of 2085689?
9
What is the hundreds digit of 8553427?
4
What is the units digit of 29321296?
6
What is the hundreds digit of 426443?
4
What is the ten thousands digit of 2707144?
0
What is the hundreds digit of 13293?
2
What is the hundreds digit of 347120?
1
What is the ten thousands digit of 106596?
0
What is the units digit of 718559?
9
What is the tens digit of 2763282?
8
What is the thousands digit of 6634825?
4
What is the tens digit of 143420?
2
What is the hundred thousands digit of 976259?
9
What is the tens digit of 9961286?
8
What is the ten thousands digit of 3755810?
5
What is the thousands digit of 1310530?
0
What is the hundred thousands digit of 2599334?
5
What is the tens digit of 2366822?
2
What is the ten thousands digit of 2713856?
1
What is the ten thousands digit of 1428434?
2
What is the units digit of 464732?
2
What is the units digit of 1257286?
6
What is the thousands digit of 1207371?
7
What is the hundred thousands digit of 5458698?
4
What is the thousands digit of 25468581?
8
What is the units digit of 786173?
3
What is the millions digit of 2374538?
2
What is the tens digit of 26146860?
6
What is the thousands digit of 2252192?
2
What is the ten thousands digit of 1009768?
0
What is the hundred thousands digit of 481643?
4
What is the tens digit of 24174?
7
What is the tens digit of 372193?
9
What is the hundreds digit of 660817?
8
What is the units digit of 6690377?
7
What is the millions digit of 1274885?
1
What is the thousands digit of 197868?
7
What is the tens digit of 6793507?
0
What is the thousands digit of 143719?
3
What is the thousands digit of 1388204?
8
What is the hundred thousands digit of 1687070?
6
What is the units digit of 1159794?
4
What is the ten thousands digit of 2920038?
2
What is the ten thousands digit of 748650?
4
What is the units digit of 1643355?
5
What is the ten thousands digit of 28758?
2
What is the hundreds digit of 267467?
4
What is the hundred thousands digit of 162414?
1
What is the millions digit of 1319429?
1
What is the tens digit of 15641084?
8
What is the ten thousands digit of 995801?
9
What is the ten thousands digit of 1522737?
2
What is the hundred thousands digit of 153871?
1
What is the hundreds digit of 10157526?
5
What is the ten millions digit of 15674049?
1
What is the millions digit of 2908874?
2
What is the ten thousands digit of 137315?
3
What is the units digit of 264317?
7
What is the hundreds digit of 971590?
5
What is the hundreds digit of 222007?
0
What is the units digit of 290265?
5
What is the hundred thousands digit of 111868?
1
What is the hundreds digit of 455240?
2
What is the hundreds digit of 10143414?
4
What is the hundreds digit of 463698?
6
What is the ten thousands digit of 3280651?
8
What is the ten thousands digit of 2719288?
1
What is the hundreds digit of 907391?
3
What is the tens digit of 180545?
4
What is the thousands digit of 25649145?
9
What is the units digit of 797744?
4
What is the hundreds digit of 3272149?
1
What is the hundred thousands digit of 368391?
3
What is the millions digit of 8862380?
8
What is the hundred thousands digit of 339798?
3
What is the units digit of 18149617?
7
What is the units digit of 2554169?
9
What is the millions digit of 12488818?
2
What is the ten thousands digit of 191538?
9
What is the ten thousands digit of 93044?
9
What is the ten millions digit of 24645059?
2
What is the units digit of 6058250?
0
What is the millions digit of 1740259?
1
What is the millions digit of 4993607?
4
What is the thousands digit of 4519001?
9
What is the units digit of 608915?
5
What is the units digit of 1022680?
0
What is the units digit of 276299?
9
What is the millions digit of 25321355?
5
What is the units digit of 1313267?
7
What is the ten thousands digit of 518694?
1
What is the hundred thousands digit of 9020764?
0
What is the thousands digit of 570404?
0
What is the units digit of 1381733?
3
What is the hundred thousands digit of 1101788?
1
What is the ten thousands digit of 4563248?
6
What is the millions digit of 12800714?
2
What is the ten thousands digit of 200678?
0
What is the hundred thousands digit of 1870873?
8
What is the millions digit of 3573623?